{"id":1888,"date":"2017-08-27T18:16:54","date_gmt":"2017-08-27T16:16:54","guid":{"rendered":"http:\/\/www.dinamicassd.it\/chieri\/?page_id=1888"},"modified":"2025-09-01T13:09:39","modified_gmt":"2025-09-01T11:09:39","slug":"corso-gestanti","status":"publish","type":"page","link":"https:\/\/www.dinamicassd.it\/chieri\/benessere-del-corpo\/corso-gestanti\/","title":{"rendered":"Corso\u00a0per Gestanti"},"content":{"rendered":"<p>[et_pb_section fb_built=&#8221;1&#8243; fullwidth=&#8221;on&#8221; _builder_version=&#8221;4.16&#8243; global_colors_info=&#8221;{}&#8221;][et_pb_fullwidth_header title=&#8221;Corso per Gestanti&#8221; subhead=&#8221;Un dolce benessere durante l&#8217;attesa&#8221; text_orientation=&#8221;center&#8221; content_max_width=&#8221;none&#8221; title_font_color=&#8221;#ffffff&#8221; subhead_font_color=&#8221;#ff2b23&#8243; _builder_version=&#8221;4.16&#8243; title_font=&#8221;Montserrat||||&#8221; title_text_color=&#8221;#ffffff&#8221; title_font_size=&#8221;60px&#8221; content_font_size=&#8221;23px&#8221; subhead_text_color=&#8221;#ff2b23&#8243; subhead_font_size=&#8221;30px&#8221; background_color=&#8221;rgba(232,232,232,0.73)&#8221; background_image=&#8221;http:\/\/www.dinamicassd.it\/chieri\/wp-content\/uploads\/2017\/08\/slide04.jpg&#8221; background_layout=&#8221;light&#8221; title_font_size_tablet=&#8221;30px&#8221; title_font_size_phone=&#8221;&#8221; title_font_size_last_edited=&#8221;on|desktop&#8221; content_font_size_tablet=&#8221;18px&#8221; content_font_size_phone=&#8221;&#8221; content_font_size_last_edited=&#8221;on|phone&#8221; subhead_font_size_tablet=&#8221;24px&#8221; subhead_font_size_phone=&#8221;18px&#8221; subhead_font_size_last_edited=&#8221;on|phone&#8221; button_one_letter_spacing_hover=&#8221;0&#8243; button_two_letter_spacing_hover=&#8221;0&#8243; global_colors_info=&#8221;{}&#8221; button_one_text_size__hover_enabled=&#8221;off&#8221; button_one_text_size__hover=&#8221;null&#8221; button_two_text_size__hover_enabled=&#8221;off&#8221; button_two_text_size__hover=&#8221;null&#8221; button_one_text_color__hover_enabled=&#8221;off&#8221; button_one_text_color__hover=&#8221;null&#8221; button_two_text_color__hover_enabled=&#8221;off&#8221; button_two_text_color__hover=&#8221;null&#8221; button_one_border_width__hover_enabled=&#8221;off&#8221; button_one_border_width__hover=&#8221;null&#8221; button_two_border_width__hover_enabled=&#8221;off&#8221; button_two_border_width__hover=&#8221;null&#8221; button_one_border_color__hover_enabled=&#8221;off&#8221; button_one_border_color__hover=&#8221;null&#8221; button_two_border_color__hover_enabled=&#8221;off&#8221; button_two_border_color__hover=&#8221;null&#8221; button_one_border_radius__hover_enabled=&#8221;off&#8221; button_one_border_radius__hover=&#8221;null&#8221; button_two_border_radius__hover_enabled=&#8221;off&#8221; button_two_border_radius__hover=&#8221;null&#8221; button_one_letter_spacing__hover_enabled=&#8221;on&#8221; button_one_letter_spacing__hover=&#8221;0&#8243; button_two_letter_spacing__hover_enabled=&#8221;on&#8221; button_two_letter_spacing__hover=&#8221;0&#8243; button_one_bg_color__hover_enabled=&#8221;off&#8221; button_one_bg_color__hover=&#8221;null&#8221; button_two_bg_color__hover_enabled=&#8221;off&#8221; button_two_bg_color__hover=&#8221;null&#8221;][\/et_pb_fullwidth_header][\/et_pb_section][et_pb_section fb_built=&#8221;1&#8243; _builder_version=&#8221;4.16&#8243; global_colors_info=&#8221;{}&#8221;][et_pb_row column_structure=&#8221;2_3,1_3&#8243; _builder_version=&#8221;4.16&#8243; background_size=&#8221;initial&#8221; background_position=&#8221;top_left&#8221; background_repeat=&#8221;repeat&#8221; global_colors_info=&#8221;{}&#8221;][et_pb_column type=&#8221;2_3&#8243; _builder_version=&#8221;4.16&#8243; custom_padding=&#8221;|||&#8221; global_colors_info=&#8221;{}&#8221; custom_padding__hover=&#8221;|||&#8221;][et_pb_text _builder_version=&#8221;4.16&#8243; background_color=&#8221;#fafafa&#8221; text_orientation=&#8221;justified&#8221; custom_padding=&#8221;10px|20px|10px|20px&#8221; border_width_all=&#8221;0px&#8221; border_color_all=&#8221;#161616&#8243; border_style_all=&#8221;solid&#8221; use_border_color=&#8221;on&#8221; border_color=&#8221;#161616&#8243; border_style=&#8221;solid&#8221; global_colors_info=&#8221;{}&#8221;]<\/p>\n<p>\nL&#8217;acqua \u00e8 senza dubbio il luogo ideale per l&#8217;attivit\u00e0 fisica in gravidanza, perch\u00e9 \u00e8 un fantastico elemento nel quale muoversi con estrema facilit\u00e0 e leggerezza, offrendo cos\u00ec diversi benefici.<\/p>\n<p>Il corso per gestanti propone una piacevole e divertente attivit\u00e0 fisica svolta in piscina con un rilassamento in acqua calda, al fine di&nbsp;favorire un miglior&nbsp;benessere psico-fisico della donna, durante la gravidanza, il parto ed il dopo parto.<\/p>\n<p>Tutta l&#8217;attivit\u00e0 \u00e8 caratterizzata da una&nbsp;grande variet\u00e0 di proposte motorie&nbsp;che prendono spunto sia dal nuoto sia dalla ginnastica in acqua&nbsp;(adattati alle caratteristiche ed alle esigenze delle gestanti), oltre che da varie attivit\u00e0 di preparazione alla nascita svolte normalmente in palestra (training autogeno, yoga, shatsu\u2026).<\/p>\n<p>Ogni movimento viene svolto mantenendo&nbsp;sempre la schiena in scarico&nbsp;(le spalle devono rimanere sotto la superficie dell\u2019acqua), ed in allineamento (il bacino in retroversione ed il mento retratto). Le gambe sono sempre in leggera flessione rispetto al busto in modo da evitare che vi siano compressioni a livello lombare.<\/p>\n<p>Particolare attenzione viene data alla&nbsp;percezione ed all\u2019ascolto del proprio corpo e del proprio respiro, in modo da sviluppare la capacit\u00e0 di assecondarlo al meglio anche nei momenti difficili.<\/p>\n<p>Sempre attraverso il movimento la gestante viene inoltre invitata a prendere&nbsp;consapevolezza delle proprie emozioni,&nbsp;&nbsp;a \u201cportarle a galla \u201c e a lasciar \u201cdisciogliere\u201d in acqua quelle che pi\u00f9 la disturbano!<\/p>\n<p>Il piacevole e demedicalizzato ambiente acquatico&nbsp;favorisce&nbsp; l\u2019incontro , il confronto e la condivisione con altre gestanti. Ne consegue spesso una spontanea&nbsp;riduzione di ansie e timori&nbsp;legati alla gravidanza ed al parto. L\u2019atmosfera creata durante l\u2019attivit\u00e0 in piscina \u00e8 infatti giocosa, allegra e rilassante. La donna,&nbsp;immersa totalmente in acqua come il suo bambino, pu\u00f2 inoltre con facilit\u00e0&nbsp;immedesimarsi in lui,&nbsp;immaginare le sue sensazioni ed il suo mondo.<\/p>\n<p>[\/et_pb_text][\/et_pb_column][et_pb_column type=&#8221;1_3&#8243; _builder_version=&#8221;4.16&#8243; custom_padding=&#8221;|||&#8221; global_colors_info=&#8221;{}&#8221; custom_padding__hover=&#8221;|||&#8221;][\/et_pb_column][\/et_pb_row][\/et_pb_section][et_pb_section fb_built=&#8221;1&#8243; _builder_version=&#8221;4.27.4&#8243; _module_preset=&#8221;default&#8221; global_colors_info=&#8221;{}&#8221;][et_pb_row column_structure=&#8221;2_3,1_3&#8243; _builder_version=&#8221;4.27.4&#8243; _module_preset=&#8221;default&#8221; global_colors_info=&#8221;{}&#8221;][et_pb_column type=&#8221;2_3&#8243; _builder_version=&#8221;4.27.4&#8243; _module_preset=&#8221;default&#8221; global_colors_info=&#8221;{}&#8221;][et_pb_image src=&#8221;http:\/\/www.dinamicassd.it\/chieri\/wp-content\/uploads\/2025\/09\/GESTANTI-volantino_page-0001-e1756724889212.jpg&#8221; title_text=&#8221;GESTANTI-volantino_page-0001&#8243; _builder_version=&#8221;4.27.4&#8243; _module_preset=&#8221;default&#8221; hover_enabled=&#8221;0&#8243; global_colors_info=&#8221;{}&#8221; sticky_enabled=&#8221;0&#8243;][\/et_pb_image][\/et_pb_column][et_pb_column type=&#8221;1_3&#8243; _builder_version=&#8221;4.27.4&#8243; _module_preset=&#8221;default&#8221; global_colors_info=&#8221;{}&#8221;][\/et_pb_column][\/et_pb_row][\/et_pb_section]<\/p>\n","protected":false},"excerpt":{"rendered":"<p>L&#8217;acqua \u00e8 senza dubbio il luogo ideale per l&#8217;attivit\u00e0 fisica in gravidanza, perch\u00e9 \u00e8 un fantastico elemento nel quale muoversi con estrema facilit\u00e0 e leggerezza, offrendo cos\u00ec diversi benefici. Il corso per gestanti propone una piacevole e divertente attivit\u00e0 fisica svolta in piscina con un rilassamento in acqua calda, al fine di&nbsp;favorire un miglior&nbsp;benessere psico-fisico [&hellip;]<\/p>\n","protected":false},"author":1,"featured_media":0,"parent":1842,"menu_order":3,"comment_status":"closed","ping_status":"closed","template":"","meta":{"_et_pb_use_builder":"on","_et_pb_old_content":"<p>L'acqua \u00e8 senza dubbio il luogo ideale per l'attivit\u00e0 fisica in gravidanza, perch\u00e9 \u00e8 un fantastico elemento nel quale muoversi con estrema facilit\u00e0 e leggerezza, offrendo cos\u00ec diversi benefici.<\/p><p>Il corso per gestanti propone una piacevole e divertente attivit\u00e0 fisica svolta in piscina con un rilassamento in acqua calda, al fine di\u00a0favorire un miglior\u00a0benessere psico-fisico della donna, durante la gravidanza, il parto ed il dopo parto.<\/p><p>Tutta l'attivit\u00e0 \u00e8 caratterizzata da una\u00a0grande variet\u00e0 di proposte motorie\u00a0che prendono spunto sia dal nuoto sia dalla ginnastica in acqua\u00a0(adattati alle caratteristiche ed alle esigenze delle gestanti), oltre che da varie attivit\u00e0 di preparazione alla nascita svolte normalmente in palestra (training autogeno, yoga, shatsu\u2026).<\/p><p>Ogni movimento viene svolto mantenendo\u00a0sempre la schiena in scarico\u00a0(le spalle devono rimanere sotto la superficie dell\u2019acqua), ed in allineamento (il bacino in retroversione ed il mento retratto). Le gambe sono sempre in leggera flessione rispetto al busto in modo da evitare che vi siano compressioni a livello lombare.<\/p><p>Particolare attenzione viene data alla\u00a0percezione ed all\u2019ascolto del proprio corpo e del proprio respiro, in modo da sviluppare la capacit\u00e0 di assecondarlo al meglio anche nei momenti difficili.<\/p><p>Sempre attraverso il movimento la gestante viene inoltre invitata a prendere\u00a0consapevolezza delle proprie emozioni,\u00a0\u00a0a \u201cportarle a galla \u201c e a lasciar \u201cdisciogliere\u201d in acqua quelle che pi\u00f9 la disturbano!<\/p><p>Il piacevole e demedicalizzato ambiente acquatico\u00a0favorisce\u00a0 l\u2019incontro , il confronto e la condivisione con altre gestanti. Ne consegue spesso una spontanea\u00a0riduzione di ansie e timori\u00a0legati alla gravidanza ed al parto. L\u2019atmosfera creata durante l\u2019attivit\u00e0 in piscina \u00e8 infatti giocosa, allegra e rilassante. La donna,\u00a0immersa totalmente in acqua come il suo bambino, pu\u00f2 inoltre con facilit\u00e0\u00a0immedesimarsi in lui,\u00a0immaginare le sue sensazioni ed il suo mondo.<\/p><p><a href=\"http:\/\/www.dinamicassd.it\/chieri\/wp-content\/uploads\/2017\/08\/GESTANTI-rev4-31-08-17.jpg\"><img class=\"aligncenter size-large wp-image-1981\" src=\"http:\/\/www.dinamicassd.it\/chieri\/wp-content\/uploads\/2017\/08\/GESTANTI-rev4-31-08-17-1024x723.jpg\" alt=\"Volantino Piscina di Susa Corso per Gestanti valido fino a Giugno 2018\" width=\"1024\" height=\"723\"><\/a><\/p>","_et_gb_content_width":"","ngg_post_thumbnail":0,"footnotes":""},"class_list":["post-1888","page","type-page","status-publish","hentry"],"_links":{"self":[{"href":"https:\/\/www.dinamicassd.it\/chieri\/wp-json\/wp\/v2\/pages\/1888","targetHints":{"allow":["GET"]}}],"collection":[{"href":"https:\/\/www.dinamicassd.it\/chieri\/wp-json\/wp\/v2\/pages"}],"about":[{"href":"https:\/\/www.dinamicassd.it\/chieri\/wp-json\/wp\/v2\/types\/page"}],"author":[{"embeddable":true,"href":"https:\/\/www.dinamicassd.it\/chieri\/wp-json\/wp\/v2\/users\/1"}],"replies":[{"embeddable":true,"href":"https:\/\/www.dinamicassd.it\/chieri\/wp-json\/wp\/v2\/comments?post=1888"}],"version-history":[{"count":10,"href":"https:\/\/www.dinamicassd.it\/chieri\/wp-json\/wp\/v2\/pages\/1888\/revisions"}],"predecessor-version":[{"id":51368,"href":"https:\/\/www.dinamicassd.it\/chieri\/wp-json\/wp\/v2\/pages\/1888\/revisions\/51368"}],"up":[{"embeddable":true,"href":"https:\/\/www.dinamicassd.it\/chieri\/wp-json\/wp\/v2\/pages\/1842"}],"wp:attachment":[{"href":"https:\/\/www.dinamicassd.it\/chieri\/wp-json\/wp\/v2\/media?parent=1888"}],"curies":[{"name":"wp","href":"https:\/\/api.w.org\/{rel}","templated":true}]}}