{"id":1539,"date":"2017-08-24T16:16:06","date_gmt":"2017-08-24T14:16:06","guid":{"rendered":"http:\/\/www.dinamicassd.it\/chieri\/?page_id=1539"},"modified":"2025-09-01T13:12:13","modified_gmt":"2025-09-01T11:12:13","slug":"corso-acquaticita-baby","status":"publish","type":"page","link":"https:\/\/www.dinamicassd.it\/chieri\/benessere-del-corpo\/corso-acquaticita-baby\/","title":{"rendered":"Corso di acquaticit\u00e0 Baby"},"content":{"rendered":"<p>[et_pb_section fb_built=&#8221;1&#8243; fullwidth=&#8221;on&#8221; _builder_version=&#8221;4.16&#8243; global_colors_info=&#8221;{}&#8221;][et_pb_fullwidth_header title=&#8221;Corso di Acquaticit\u00e0 con Genitore&#8221; subhead=&#8221;Il tuo bambino nel suo primo contatto con l&#8217;acqua&#8221; text_orientation=&#8221;center&#8221; content_max_width=&#8221;none&#8221; title_font_color=&#8221;#ffffff&#8221; subhead_font_color=&#8221;#ff2b23&#8243; _builder_version=&#8221;4.16&#8243; title_font=&#8221;Montserrat||||&#8221; title_text_color=&#8221;#ffffff&#8221; title_font_size=&#8221;60px&#8221; content_font_size=&#8221;23px&#8221; subhead_text_color=&#8221;#ff2b23&#8243; subhead_font_size=&#8221;30px&#8221; background_color=&#8221;rgba(232,232,232,0.73)&#8221; background_image=&#8221;http:\/\/www.dinamicassd.it\/chieri\/wp-content\/uploads\/2017\/08\/slide04.jpg&#8221; background_layout=&#8221;light&#8221; title_font_size_tablet=&#8221;30px&#8221; title_font_size_phone=&#8221;&#8221; title_font_size_last_edited=&#8221;on|desktop&#8221; content_font_size_tablet=&#8221;18px&#8221; content_font_size_phone=&#8221;&#8221; content_font_size_last_edited=&#8221;on|phone&#8221; subhead_font_size_tablet=&#8221;24px&#8221; subhead_font_size_phone=&#8221;18px&#8221; subhead_font_size_last_edited=&#8221;on|phone&#8221; button_one_letter_spacing_hover=&#8221;0&#8243; button_two_letter_spacing_hover=&#8221;0&#8243; global_colors_info=&#8221;{}&#8221; button_one_text_size__hover_enabled=&#8221;off&#8221; button_two_text_size__hover_enabled=&#8221;off&#8221; button_one_text_color__hover_enabled=&#8221;off&#8221; button_two_text_color__hover_enabled=&#8221;off&#8221; button_one_border_width__hover_enabled=&#8221;off&#8221; button_two_border_width__hover_enabled=&#8221;off&#8221; button_one_border_color__hover_enabled=&#8221;off&#8221; button_two_border_color__hover_enabled=&#8221;off&#8221; button_one_border_radius__hover_enabled=&#8221;off&#8221; button_two_border_radius__hover_enabled=&#8221;off&#8221; button_one_letter_spacing__hover_enabled=&#8221;on&#8221; button_one_letter_spacing__hover=&#8221;0&#8243; button_two_letter_spacing__hover_enabled=&#8221;on&#8221; button_two_letter_spacing__hover=&#8221;0&#8243; button_one_bg_color__hover_enabled=&#8221;off&#8221; button_two_bg_color__hover_enabled=&#8221;off&#8221;][\/et_pb_fullwidth_header][\/et_pb_section][et_pb_section fb_built=&#8221;1&#8243; _builder_version=&#8221;4.16&#8243; global_colors_info=&#8221;{}&#8221;][et_pb_row column_structure=&#8221;2_3,1_3&#8243; _builder_version=&#8221;4.16&#8243; background_size=&#8221;initial&#8221; background_position=&#8221;top_left&#8221; background_repeat=&#8221;repeat&#8221; global_colors_info=&#8221;{}&#8221;][et_pb_column type=&#8221;2_3&#8243; _builder_version=&#8221;4.16&#8243; custom_padding=&#8221;|||&#8221; global_colors_info=&#8221;{}&#8221; custom_padding__hover=&#8221;|||&#8221;][et_pb_text disabled_on=&#8221;on|on|on&#8221; _builder_version=&#8221;4.27.4&#8243; _module_preset=&#8221;default&#8221; text_text_color=&#8221;#e02b20&#8243; background_color=&#8221;#edf000&#8243; hover_enabled=&#8221;0&#8243; disabled=&#8221;on&#8221; global_colors_info=&#8221;{}&#8221; sticky_enabled=&#8221;0&#8243;]<\/p>\n<h1 style=\"text-align: center;\"><strong>ATTIVITA&#8217; DELLA DOMENICA MATTINA PER GENITORE E BAMBINO 2\/4 ANNI<br \/><\/strong><\/h1>\n<p>[\/et_pb_text][et_pb_text _builder_version=&#8221;4.16&#8243; background_color=&#8221;#fafafa&#8221; text_orientation=&#8221;justified&#8221; module_alignment=&#8221;justified&#8221; custom_padding=&#8221;10px|20px|10px|20px&#8221; border_width_all=&#8221;0px&#8221; border_color_all=&#8221;#161616&#8243; border_style_all=&#8221;solid&#8221; use_border_color=&#8221;on&#8221; border_color=&#8221;#161616&#8243; border_style=&#8221;solid&#8221; global_colors_info=&#8221;{}&#8221;]<img loading=\"lazy\" decoding=\"async\" class=\"size-full wp-image-1540 alignright\" src=\"https:\/\/www.dinamicassd.it\/chieri\/wp-content\/uploads\/2017\/08\/Bambino-Nuota.png\" alt=\"\" width=\"286\" height=\"286\" srcset=\"https:\/\/www.dinamicassd.it\/chieri\/wp-content\/uploads\/2017\/08\/Bambino-Nuota.png 286w, https:\/\/www.dinamicassd.it\/chieri\/wp-content\/uploads\/2017\/08\/Bambino-Nuota-150x150.png 150w, https:\/\/www.dinamicassd.it\/chieri\/wp-content\/uploads\/2017\/08\/Bambino-Nuota-20x20.png 20w\" sizes=\"(max-width: 286px) 100vw, 286px\" \/>Il corso ACQUATICITA\u2019 si propone di mantenere viva nei bambini la confidenza con l&#8217;acqua che hanno fino alla nascita.<\/p>\n<p>In questi corsi \u00e8 prevista la presenza in acqua con l&#8217;istruttore di almeno un genitore.<\/p>\n<p>Cercare di seguire le indicazioni degli istruttori e di controllare attentamente le &#8220;espressioni&#8221; del proprio viso e le reazioni del bambino nelle varie situazioni, in modo da evitare quelle che in qualche modo possano disturbarlo.<\/p>\n<h3>L&#8217;acquaticit\u00e0 nei bambini<\/h3>\n<ul>\n<li><b>0-6 mesi: a terra non c&#8217;\u00e8 ancora la capacit\u00e0 di mantenere la posizione seduta e c&#8217;\u00e8 una forte simbiosi con il genitore<\/b>. L&#8217;operatore non \u00e8 la figura centrale, ma media la scoperta delle nuove soluzioni e condizioni senso motorie che l\u2019acqua offre. Si guida la gestione dell&#8217;immersione sfruttando l&#8217;istinto di chiusura della glottide che impedisce di \u201cbere\u201d acqua. L&#8217;istinto \u00e8 pi\u00f9 sviluppato nei primissimi mesi e soprattutto nei bimbi allattati al seno, e via via si perde con la crescita. Va quindi indotto perch\u00e9 diventi naturale sempre.<\/li>\n<li><b>7-14 mesi: a terra si va dalla posizione seduta al gattonamento e alla camminata.<\/b>&nbsp;Questo desiderio di scoperta e il conseguente principio di distacco dalle braccia del genitore coincide in piscina con i primi \u201cpassi\u201d staccati dal genitore, con l&#8217;ausilio di galleggianti (braccioli, tubi in vita ecc&#8230; Il bambino sperimenta la capacit\u00e0 di governare il suo corpo in acqua, passando dalla posizione prona alla supina e si cominciano le prime entrate in acqua autonome dagli stessi tappeti e con piccoli scivoli.<\/li>\n<li><b>15-23 mesi: in questa fase nella vita di tutti i giorni i movimenti autonomi diventano pi\u00f9 ampi<\/b>&nbsp;e si asseconda questa tendenza anche in acqua. Migliorano le autonomie e le competenze in galleggiamento, l\u2019efficacia degli spostamenti con gli ausilii (tubo galleggiante raccordato in vita, braccioli), alle nuove competenze motorie terrestri (arrampicata, corsa, salto) si aggiungono quelle in acqua, con diverse modalit\u00e0 di immersioni (tuffi).<\/li>\n<li><b>24-36 mesi: le situazioni proposte portano ad un consolidamento dell\u2019autonomia<\/b>&nbsp;e ad un primo scambio d\u2019azione con il gruppo e ad una prima forma di separazione dalla figura genitoriale. Migliorano le autonomie acquatiche con la sperimentazione di nuovi ausilii e posizioni di galleggiamento e le prime sperimentazioni di immersioni autonome a corpo libero, senza ausilii galleggianti. Si affrontano nuove competenze di orientamento nello spazio con percorsi acquatici.<\/li>\n<\/ul>\n<h3>Come scegliere il corso giusto<\/h3>\n<p class=\"P\"><img loading=\"lazy\" decoding=\"async\" class=\"size-thumbnail wp-image-1544 alignleft\" src=\"https:\/\/www.dinamicassd.it\/chieri\/wp-content\/uploads\/2017\/08\/Bambino-baby-piscina-150x150.jpg\" alt=\"\" width=\"150\" height=\"150\">I bambini possono entrare teoricamente in acqua gi\u00e0 pochi giorni dopo la nascita, ma di solito chi decide di avviare i neonati a questa pratica lo fa al&nbsp;<b>compimento del terzo mese di vita&nbsp;<\/b><\/p>\n<p class=\"P\">L&#8217;attivit\u00e0 in piscina con i neonati \u00e8 definita&nbsp;<b>idrochinesiologia<\/b>,&nbsp;<b>cio\u00e8 movimento in acqua<\/b>&nbsp;, noi preferiamo non introdurre il concetto di nuoto fino all&#8217;et\u00e0 scolare e dopo i tre anni passiamo dall&#8217;idrochinesiologia ai corsi di nuoto per acquaticit\u00e0&#8221;.<\/p>\n<p>&nbsp;<\/p>\n<h3>Perch\u00e9 iscrivere il proprio bambino ad un corso<\/h3>\n<p>I corsi neonatali sono un&#8217;esperienza bellissima sia per il genitore sia per il bambino. L&#8217;ambiente acquatico infatti&nbsp;<b>richiama nel neonato l&#8217;utero materno<\/b>, il cui ricordo nei primi mesi di vita \u00e8 certo molto vivo. Si tratta per lui di una regressione tranquillizzante, che nel contempo lo mette in grande intimit\u00e0 con il genitore che lo accompagna in acqua, cullandolo fra le braccia.<br \/>\n[\/et_pb_text][et_pb_image src=&#8221;http:\/\/www.dinamicassd.it\/chieri\/wp-content\/uploads\/2025\/09\/ACQUATICITA-E-BABY-VOLANTINO_page-0001-1.jpg&#8221; title_text=&#8221;ACQUATICITA&#8217; E BABY &#8211; VOLANTINO_page-0001&#8243; _builder_version=&#8221;4.27.4&#8243; _module_preset=&#8221;default&#8221; hover_enabled=&#8221;0&#8243; global_colors_info=&#8221;{}&#8221; sticky_enabled=&#8221;0&#8243;][\/et_pb_image][et_pb_text disabled_on=&#8221;on|on|on&#8221; _builder_version=&#8221;4.27.4&#8243; _module_preset=&#8221;default&#8221; hover_enabled=&#8221;0&#8243; global_colors_info=&#8221;{}&#8221; disabled=&#8221;on&#8221; sticky_enabled=&#8221;0&#8243;]<\/p>\n<div class='w3eden'><div class=\"panel panel-default\">\n    <div class=\"panel-body\">\n \n    <div class=\"media\">\n        <div class=\"pull-left\"><img decoding=\"async\" class=\"wpdm_icon\" alt=\"Icona\"   src=\"https:\/\/www.dinamicassd.it\/chieri\/wp-content\/plugins\/download-manager\/assets\/file-type-icons\/pdf.svg\" \/><\/div>\n        <div class=\"media-body\"><strong class=\"ptitle\"><a href=\"https:\/\/www.dinamicassd.it\/chieri\/download\/volantino-acquaticita-stagione-2022-23\/?wpdmdl=50670&refresh=69eb779c9f62c1777039260\">Volantino Acquaticit\u00e0 stagione 2023-24<\/a><\/strong>\n            <p>Scarica il Volantino Acquaticit\u00e0 stagione 2023-24<\/p>\n\n            <div><strong><a class='wpdm-download-link download-on-click btn btn-primary '  rel='nofollow' href='#' data-downloadurl=\"https:\/\/www.dinamicassd.it\/chieri\/download\/volantino-acquaticita-stagione-2022-23\/?wpdmdl=50670&refresh=69eb779c9f62c1777039260\">Download<\/a><\/strong><\/div>\n        <\/div>\n    <\/div>\n \n \n    <\/div>\n    <div class=\"panel-footer\"><span class=\"pull-right\">3343 downloads<\/span> - 1.98 MB<\/div>\n<\/div><\/div>\n<p>[\/et_pb_text][\/et_pb_column][et_pb_column type=&#8221;1_3&#8243; _builder_version=&#8221;4.16&#8243; custom_padding=&#8221;|||&#8221; global_colors_info=&#8221;{}&#8221; custom_padding__hover=&#8221;|||&#8221;][et_pb_sidebar area=&#8221;et_pb_widget_area_2&#8243; _builder_version=&#8221;4.16&#8243; _module_preset=&#8221;default&#8221; global_colors_info=&#8221;{}&#8221;][\/et_pb_sidebar][\/et_pb_column][\/et_pb_row][\/et_pb_section]<\/p>\n","protected":false},"excerpt":{"rendered":"<p>ATTIVITA&#8217; DELLA DOMENICA MATTINA PER GENITORE E BAMBINO 2\/4 ANNIIl corso ACQUATICITA\u2019 si propone di mantenere viva nei bambini la confidenza con l&#8217;acqua che hanno fino alla nascita. In questi corsi \u00e8 prevista la presenza in acqua con l&#8217;istruttore di almeno un genitore. Cercare di seguire le indicazioni degli istruttori e di controllare attentamente le [&hellip;]<\/p>\n","protected":false},"author":1,"featured_media":0,"parent":1842,"menu_order":3,"comment_status":"closed","ping_status":"closed","template":"","meta":{"_et_pb_use_builder":"on","_et_pb_old_content":"<p><img class=\"size-full wp-image-1540 alignright\" src=\"http:\/\/www.dinamicassd.it\/chieri\/wp-content\/uploads\/2017\/08\/Bambino-Nuota.png\" alt=\"\" width=\"286\" height=\"286\">Il corso ACQUATICITA\u2019 si propone di mantenere viva nei bambini la confidenza con l'acqua che hanno fino alla nascita.<\/p><p>In questi corsi \u00e8 prevista la presenza in acqua con l'istruttore di almeno un genitore.<\/p><p>Cercare di seguire le indicazioni degli istruttori e di controllare attentamente le \"espressioni\" del proprio viso e le reazioni del bambino nelle varie situazioni, in modo da evitare quelle che in qualche modo possano disturbarlo.<\/p><h3>L'acquaticit\u00e0 nei bambini<\/h3><ul><li><b>0-6 mesi: a terra non c'\u00e8 ancora la capacit\u00e0 di mantenere la posizione seduta e c'\u00e8 una forte simbiosi con il genitore<\/b>. L'operatore non \u00e8 la figura centrale, ma media la scoperta delle nuove soluzioni e condizioni senso motorie che l\u2019acqua offre. Si guida la gestione dell'immersione sfruttando l'istinto di chiusura della glottide che impedisce di \u201cbere\u201d acqua. L'istinto \u00e8 pi\u00f9 sviluppato nei primissimi mesi e soprattutto nei bimbi allattati al seno, e via via si perde con la crescita. Va quindi indotto perch\u00e9 diventi naturale sempre.<\/li><li><b>7-14 mesi: a terra si va dalla posizione seduta al gattonamento e alla camminata.<\/b>\u00a0Questo desiderio di scoperta e il conseguente principio di distacco dalle braccia del genitore coincide in piscina con i primi \u201cpassi\u201d staccati dal genitore, con l'ausilio di galleggianti (braccioli, tubi in vita ecc... Il bambino sperimenta la capacit\u00e0 di governare il suo corpo in acqua, passando dalla posizione prona alla supina e si cominciano le prime entrate in acqua autonome dagli stessi tappeti e con piccoli scivoli.<\/li><li><b>15-23 mesi: in questa fase nella vita di tutti i giorni i movimenti autonomi diventano pi\u00f9 ampi<\/b>\u00a0e si asseconda questa tendenza anche in acqua. Migliorano le autonomie e le competenze in galleggiamento, l\u2019efficacia degli spostamenti con gli ausilii (tubo galleggiante raccordato in vita, braccioli), alle nuove competenze motorie terrestri (arrampicata, corsa, salto) si aggiungono quelle in acqua, con diverse modalit\u00e0 di immersioni (tuffi).<\/li><li><b>24-36 mesi: le situazioni proposte portano ad un consolidamento dell\u2019autonomia<\/b>\u00a0e ad un primo scambio d\u2019azione con il gruppo e ad una prima forma di separazione dalla figura genitoriale. Migliorano le autonomie acquatiche con la sperimentazione di nuovi ausilii e posizioni di galleggiamento e le prime sperimentazioni di immersioni autonome a corpo libero, senza ausilii galleggianti. Si affrontano nuove competenze di orientamento nello spazio con percorsi acquatici.<\/li><\/ul><h3>Come scegliere il corso giusto<\/h3><p class=\"P\"><img class=\"size-thumbnail wp-image-1544 alignleft\" src=\"http:\/\/www.dinamicassd.it\/chieri\/wp-content\/uploads\/2017\/08\/Bambino-baby-piscina-150x150.jpg\" alt=\"\" width=\"150\" height=\"150\">I bambini possono entrare teoricamente in acqua gi\u00e0 pochi giorni dopo la nascita, ma di solito chi decide di avviare i neonati a questa pratica lo fa al\u00a0<b>compimento del terzo mese di vita\u00a0<\/b><\/p><p class=\"P\">L'attivit\u00e0 in piscina con i neonati \u00e8 definita\u00a0<b>idrochinesiologia<\/b>,\u00a0<b>cio\u00e8 movimento in acqua<\/b>\u00a0, noi preferiamo non introdurre il concetto di nuoto fino all'et\u00e0 scolare e dopo i tre anni passiamo dall'idrochinesiologia ai corsi di nuoto per acquaticit\u00e0\".<\/p><p>\u00a0<\/p><h3>Perch\u00e9 iscrivere il proprio bambino ad un corso<\/h3><p>I corsi neonatali sono un'esperienza bellissima sia per il genitore sia per il bambino. L'ambiente acquatico infatti\u00a0<b>richiama nel neonato l'utero materno<\/b>, il cui ricordo nei primi mesi di vita \u00e8 certo molto vivo. Si tratta per lui di una regressione tranquillizzante, che nel contempo lo mette in grande intimit\u00e0 con il genitore che lo accompagna in acqua, cullandolo fra le braccia.<\/p><p>\u00a0<\/p><p><a href=\"http:\/\/www.dinamicassd.it\/chieri\/wp-content\/uploads\/2017\/08\/ACQUATICITA-rev4-31-08-17.jpg\"><img class=\"aligncenter size-large wp-image-1979\" src=\"http:\/\/www.dinamicassd.it\/chieri\/wp-content\/uploads\/2017\/08\/ACQUATICITA-rev4-31-08-17-1024x723.jpg\" alt=\"Volantino Piscina di Susa Acquaticita Baby valido fino a Giugno 2018\" width=\"1024\" height=\"723\"><\/a><\/p><p>\u00a0<\/p>","_et_gb_content_width":"","ngg_post_thumbnail":0,"footnotes":""},"class_list":["post-1539","page","type-page","status-publish","hentry"],"_links":{"self":[{"href":"https:\/\/www.dinamicassd.it\/chieri\/wp-json\/wp\/v2\/pages\/1539","targetHints":{"allow":["GET"]}}],"collection":[{"href":"https:\/\/www.dinamicassd.it\/chieri\/wp-json\/wp\/v2\/pages"}],"about":[{"href":"https:\/\/www.dinamicassd.it\/chieri\/wp-json\/wp\/v2\/types\/page"}],"author":[{"embeddable":true,"href":"https:\/\/www.dinamicassd.it\/chieri\/wp-json\/wp\/v2\/users\/1"}],"replies":[{"embeddable":true,"href":"https:\/\/www.dinamicassd.it\/chieri\/wp-json\/wp\/v2\/comments?post=1539"}],"version-history":[{"count":12,"href":"https:\/\/www.dinamicassd.it\/chieri\/wp-json\/wp\/v2\/pages\/1539\/revisions"}],"predecessor-version":[{"id":51370,"href":"https:\/\/www.dinamicassd.it\/chieri\/wp-json\/wp\/v2\/pages\/1539\/revisions\/51370"}],"up":[{"embeddable":true,"href":"https:\/\/www.dinamicassd.it\/chieri\/wp-json\/wp\/v2\/pages\/1842"}],"wp:attachment":[{"href":"https:\/\/www.dinamicassd.it\/chieri\/wp-json\/wp\/v2\/media?parent=1539"}],"curies":[{"name":"wp","href":"https:\/\/api.w.org\/{rel}","templated":true}]}}