{"id":10783,"date":"2023-08-12T08:31:53","date_gmt":"2023-08-12T06:31:53","guid":{"rendered":"https:\/\/www.dinamicassd.it\/agonistica\/?post_type=product&#038;p=10783"},"modified":"2025-09-01T17:14:51","modified_gmt":"2025-09-01T15:14:51","slug":"felpa-arena-junior-red","status":"publish","type":"product","link":"https:\/\/www.dinamicassd.it\/agonistica\/product\/felpa-arena-junior-red\/","title":{"rendered":"FELPA ARENA JUNIOR RED"},"content":{"rendered":"<p>Tieni i muscoli al caldo prima della gara con la morbida felpa della nostra collezione Team Line pensata per i giovanissimi. Questo modello unisex, dall&#8217;aspetto professionale e comodissimo, \u00e8 realizzato in soffice tessuto stretch e rifinito con scritta e logo arena. Questa felpa ha una vestibilit\u00e0 regolare ed \u00e8 dotata di un pratico cappuccio. L&#8217;ampia tasca sul davanti ti permetter\u00e0 di trasportare comodamente i tuoi effetti personali. Si abbina alla perfezione con tutti gli altri capi della collezione Team Line.<\/p>\n","protected":false},"excerpt":{"rendered":"<p>Felpa di cotone Unisex Junior <strong>Colore: Rosso<\/strong><\/p>\n","protected":false},"featured_media":10792,"template":"","meta":{"_et_pb_use_builder":"","_et_pb_old_content":"","_et_gb_content_width":"","ngg_post_thumbnail":0},"product_brand":[],"product_cat":[104],"product_tag":[],"class_list":{"0":"post-10783","1":"product","2":"type-product","3":"status-publish","4":"has-post-thumbnail","6":"product_cat-abbigliamento","8":"first","9":"instock","10":"sale","11":"taxable","12":"shipping-taxable","13":"product-type-variable"},"jetpack_sharing_enabled":true,"_links":{"self":[{"href":"https:\/\/www.dinamicassd.it\/agonistica\/wp-json\/wp\/v2\/product\/10783","targetHints":{"allow":["GET"]}}],"collection":[{"href":"https:\/\/www.dinamicassd.it\/agonistica\/wp-json\/wp\/v2\/product"}],"about":[{"href":"https:\/\/www.dinamicassd.it\/agonistica\/wp-json\/wp\/v2\/types\/product"}],"wp:featuredmedia":[{"embeddable":true,"href":"https:\/\/www.dinamicassd.it\/agonistica\/wp-json\/wp\/v2\/media\/10792"}],"wp:attachment":[{"href":"https:\/\/www.dinamicassd.it\/agonistica\/wp-json\/wp\/v2\/media?parent=10783"}],"wp:term":[{"taxonomy":"product_brand","embeddable":true,"href":"https:\/\/www.dinamicassd.it\/agonistica\/wp-json\/wp\/v2\/product_brand?post=10783"},{"taxonomy":"product_cat","embeddable":true,"href":"https:\/\/www.dinamicassd.it\/agonistica\/wp-json\/wp\/v2\/product_cat?post=10783"},{"taxonomy":"product_tag","embeddable":true,"href":"https:\/\/www.dinamicassd.it\/agonistica\/wp-json\/wp\/v2\/product_tag?post=10783"}],"curies":[{"name":"wp","href":"https:\/\/api.w.org\/{rel}","templated":true}]}}